3203. What is o(-42)?
-11
Let w(a) = -2*a**2 + 78*a - 583. What is w(10)?
-3
Let q(f) = f**2 + 48*f + 579. Calculate q(-20).
19
Let z(c) = -57*c - 36. Give z(-2).
78
Let t(b) = b**3 - 4*b**2 - 32*b + 8. What is t(0)?
8
Let b(z) = -z**2 - 2*z - 38. Give b(-14).
-206
Let u(x) = -x**3 - 26*x**2 + 210*x + 4310. What is u(-28)?
-2
Let a(x) = -4*x**3 - 8*x**2 + 139*x + 1. Calculate a(-7).
8
Let x(y) = y**3 - 21*y**2 - 79*y + 165. Calculate x(24).
-3
Let v(l) = -1358*l + 194213. What is v(143)?
19
Let z(a) = -a**3 + 9*a**2 - 23*a + 9. What is z(7)?
-54
Let v(b) = 2*b**3 - 21*b**2 + 46*b - 54. Give v(8).
-6
Let d(n) = 67*n**3 - 472*n**2 + 17*n + 27. Determine d(7).
-1
Let k(t) = -211*t - 4921. What is k(-24)?
143
Let k(r) = 21*r**2 - 336*r - 7. Calculate k(16).
-7
Let w(n) = -3*n**2 - 41*n - 98. Give w(-10).
12
Let a(c) = 8*c**2 - 57*c + 274. Calculate a(5).
189
Let z(b) = b**3 + 24*b**2 + 15*b - 175. Give z(-23).
9
Let k(j) = 26*j**2 + 4159*j + 4158. Calculate k(-1).
25
Let m(n) = n**3 + 15*n**2 - 11*n - 2. Give m(-11).
603
Let q(s) = s**3 - 10*s**2 + 25*s - 394. Determine q(11).
2
Let o(r) = 41*r**2 - 41*r + 82. Determine o(2).
164
Let k(x) = -x**3 + 17*x**2 - 52*x - 103. Calculate k(12).
-7
Let r(n) = n**2 + 8*n - 43. Determine r(4).
5
Let l(y) = -y**3 + 30*y**2 - 82*y + 732. Determine l(28).
4
Let h(t) = -t**2 - 30*t - 195. Calculate h(-21).
-6
Let i(a) = -29*a - 404. Give i(-12).
-56
Let n(i) = -2*i**3 + 88*i**2 + 2*i - 99. Calculate n(44).
-11
Let s(q) = 2*q**2 - 13124*q + 144123. Determine s(11).
1
Let z(s) = 15*s**2 + 367*s - 302. Calculate z(-25).
-102
Let m(q) = q**2 + 6*q + 239. Calculate m(0).
239
Let y(z) = 2*z**3 + 41*z**2 + 47*z - 123. Give y(-19).
67
Let j(p) = -p**2 + 135*p - 3305. What is j(103)?
-9
Let g(s) = s**2 + 5*s + 121. What is g(-22)?
495
Let g(u) = u**3 + 24*u**2 - 29*u + 104. Give g(-26).
-494
Let y(q) = 986*q + 5950. Determine y(-6).
34
Let z(j) = j**3 + 288*j**2 + 1411*j - 1143. What is z(-283)?
-11
Let v(g) = -13*g**2 + g - 20. Give v(0).
-20
Let q(l) = -2*l**2 + 12*l + 10. Calculate q(-1).
-4
Let h(w) = -4*w**2 - 277*w + 219. What is h(-70)?
9
Let v(o) = 107*o - 227. Calculate v(5).
308
Let i(r) = -r**2 + 13*r - 27. Give i(13).
-27
Let n(k) = -k**2 + 17*k + 381. Calculate n(0).
381
Let g(a) = -a**2 + 57*a - 491. Determine g(10).
-21
Let i(b) = 54*b + 245. Determine i(-5).
-25
Let g(z) = 3*z**2 - 23*z + 53. Determine g(5).
13
Let j(t) = t**3 - 11*t**2 + 32*t - 9. Calculate j(5).
1
Let m(r) = -2*r**3 + 3*r**2 - 22*r + 36. What is m(2)?
-12
Let t(g) = -11*g**2 + 1404*g + 3386. Give t(130).
6
Let j(g) = -5*g**2 - 23*g - 63. Determine j(-7).
-147
Let s(m) = -m**3 - 6*m**2 - 28*m + 121. Calculate s(4).
-151
Let d(u) = 3*u**3 + 13*u**2 - 19*u - 63. Determine d(-5).
-18
Let r(n) = n**3 + 64*n**2 + 15. Give r(0).
15
Let o(r) = -4*r**3 + 3*r**2 - 6*r - 26. Determine o(-4).
302
Let c(p) = -2*p**3 + 107*p**2 + 54*p - 21. Calculate c(54).
-21
Let v(l) = -541*l - 40035. Give v(-74).
-1
Let z(u) = 71*u + 150. Calculate z(-2).
8
Let q(f) = 58*f + 2014. What is q(-35)?
-16
Let j(m) = 915*m - 5581. Calculate j(6).
-91
Let q(g) = 10*g + 82. What is q(-4)?
42
Let g(p) = p**3 + 17*p**2 + 19*p + 190. Determine g(-17).
-133
Let b(g) = -69*g + 646. What is b(6)?
232
Let t(k) = 47*k**2 - 262*k + 8. Determine t(6).
128
Let v(a) = -262*a + 1698. What is v(7)?
-136
Let r(v) = -v**3 + 45*v**2 - 29*v + 1310. Calculate r(45).
5
Let z(u) = -1330*u - 1301. What is z(-1)?
29
Let f(a) = -9*a**2 - 464*a - 255. Determine f(-51).
0
Let f(h) = -3*h**2 + 53*h + 88. Determine f(20).
-52
Let h(t) = -t**3 - 38*t**2 + 125*t + 3. What is h(3)?
9
Let l(g) = g**2 - 54*g + 712. Determine l(30).
-8
Let s(a) = 9*a**2 - 78*a - 11. What is s(9)?
16
Let q(n) = 543*n + 5972. Calculate q(-11).
-1
Let g(p) = -p**2 - 10*p + 160. Give g(8).
16
Let s(g) = g**2 - 47*g - 315. What is s(53)?
3
Let w(g) = 136*g**2 + 1496*g - 15. What is w(-11)?
-15
Let g(n) = 29*n**2 - 297*n + 77. Give g(10).
7
Let t(y) = 11*y**2 + 98*y + 12. What is t(-10)?
132
Let m(f) = 165*f + 7404. Determine m(-45).
-21
Let r(j) = -5*j**3 - 4*j**2 - 5*j + 8. Give r(4).
-396
Let l(z) = -10*z**2 - 39*z - 269. Calculate l(-6).
-395
Let j(d) = -3*d - 16. Determine j(-1).
-13
Let u(b) = -509*b + 13. Calculate u(-1).
522
Let p(r) = 21*r**3 - 13*r**2 - 15*r + 32. Calculate p(3).
437
Let t(v) = 3*v**3 + 73*v**2 + 25*v. Calculate t(-24).
-24
Let c(t) = -t**2 - 271*t + 1676. What is c(6)?
14
Let o(u) = -3*u**2 - 16*u - 4. Give o(-2).
16
Let t(o) = -3*o**3 + 15*o**2 - 29*o + 115. Calculate t(8).
-693
Let w(g) = 7*g**3 + 851*g**2 + 486*g + 265. Give w(-121).
23
Let u(m) = -21*m - 17. What is u(-11)?
214
Let i(j) = 2*j**3 - 59*j**2 - 239*j + 258. Determine i(33).
-6
Let l(f) = -f**2 + 8*f + 158. Determine l(25).
-267
Let n(w) = 5*w + 32. Determine n(-10).
-18
Let w(g) = -47*g - 12. Determine w(1).
-59
Let j(t) = 88*t - 1062. Calculate j(11).
-94
Let v(r) = r**3 - 29*r**2 + 101*r - 10. What is v(25)?
15
Let y(h) = -4*h**2 - 8*h + 23. What is y(-4)?
-9
Let m(o) = 42*o + 428. What is m(-12)?
-76
Let k(g) = 3*g**2 + 41*g - 293. Determine k(6).
61
Let d(w) = 2*w**3 - 6*w**2 - 196*w + 800. Calculate d(4).
48
Let w(v) = -816*v + 817. Give w(1).
1
Let m(x) = -x**3 - 62*x**2 - 763*x + 96. Give m(-45).
6
Let u(x) = -x**2 - 60*x + 421. Determine u(-66).
25
Let z(s) = 28*s - 3629. Calculate z(130).
11
Let r(w) = -5*w**3 + 54*w**2 + 20*w - 85. Determine r(11).
14
Let i(q) = -2*q**2 - 52*q + 508. What is i(7)?
46
Let k(s) = s**2 - 17*s - 390. What is k(-13)?
0
Let c(t) = -3*t**2 - 70*t + 214. What is c(-26)?
6
Let g(p) = p**3 + 3*p**2 + 7*p - 31. Calculate g(-7).
-276
Let z(p) = -62*p**3 - 8*p**2 - 6*p - 1. Calculate z(-1).
59
Let n(v) = v**3 + 37*v**2 + 100*v + 78. Give n(-34).
146
Let b(x) = -3*x**3 + 189*x**2 - 221*x + 2173. Give b(62).
3
Let f(n) = 76*n + 10145. Calculate f(-134).
-39
Let d(y) = -y**2 - 8*y + 77. What is d(-12)?
29
Let h(v) = 86*v + 10202. Calculate h(-118).
54
Let m(l) = -l**2 - 118*l - 2470. Calculate m(-94).
-214
Let c(s) = -229*s + 474. Give c(2).
16
Let b(r) = r**3 - 30*r**2 - 61*r - 1275. Determine b(33).
-21
Let h(z) = 169*z - 190. Calculate h(3).
317
Let a(x) = 13*x**2 + 15*x - 26. What is a(2)?
56
Let r(p) = p**3 - 11*p**2 + 22*p + 46. What is r(7)?
4
Let o(j) = -2*j**3 + 26*j**2 + 15*j + 38. Give o(14).
-144
Let a(i) = 87*i + 6700. Determine a(-77).
1
Let i(f) = -79*f + 1112. Determine i(14).
6
Let g(z) = 3*z**2 + 6*z + 1. Give g(1).
10
Let q(d) = -367*d + 1014. What is q(3)?
-87
Let d(a) = -267*a + 5069. Give d(19).
-4
Let f(o) = -o**3 - 20*o**2 - 11*o + 25. Calculate f(-19).
-127
Let k(g) = 1016*g + 1165. Determine k(-1).
149
Let i(v) = -2568*v - 46223. What is i(-18)?
1
Let a(s) = 3*s**2 - 40*s - 30. Calculate a(5).
-155
Let t(d) = 43*d + 1079. Calculate t(-25).
4
Let t(r) = -2*r**2 - 282*r - 1702. Calculate t(-6).
-82
Let q(v) = -35*v**2 + 365*v + 218. Calculate q(11).
-2
Let p(n) = 24*n - 628. Calculate p(20).
-148
Let g(r) = 3*r**3 + 142*r**2 + 66*r + 896. Calculate g(-47).
3
Let i(v) = v**2 + 63*v + 1003. Calculate i(-30).
13
Let u(f) = f**3 - 42*f**2 - 129*f - 276. Determine u(45).
-6
Let p(i) = 21*i**2 + 105*i + 7. Give p(-5).
7
Let n(i) = -i**2 + 82*i - 882. What is n(11)?
-101
Let f(k) = 3*k - 54. Determine f(32).
42
Let w(r) = -139*r + 1118. What is w(8)?
6
Let d(s) = -528*s + 4379. Calculate d(8).
155
Let r(u) = 2*u**3 - 20*u**2 + 6*u - 18. Give r(10).
42
Let f(w) = -w**3 + 54*w**2 - 103*w - 35. Determine f(52).
17
Let t(s) = -1160*s + 26664. What is t(23)?
-16
Let f(i) = 18*i**2 - 21*i - 42. Give f(-1).
-3
Let b(r) = 1755*r - 17549. Determine b(10).
1
Let w(f) = -68*f - 3541. Give w(-52).
-5
Let w(z) = -z**3 + 26*z**2 + 20*z - 399. What is w(26)?
121
Let i(o) = -2*o**2 - 269*o - 3648. What is i(-15)?
-63
Let j(u) = -u**2 + 106*u + 114. Determine j(107).
7
Let n(r) = r**3 + 7*r**2 - 16*r - 86. Give n(-6).
46
Let w(n) = -173*n - 2600. What is w(-15)?
-5
Let a(g) = g**3 - 95*g**2 - 199*g + 65. Determine a(97).
-420
Let a(t) = -t**3 - 2*t**2 - 13*t + 1. Determine a(-4).
85
Let b(s) = -9*s**2 - 332*s + 664. Determine b(2).
-36
Let d(n) = -n**2 - 1931*n + 7743. What is d(4)?
3
Let r(o) = 15*o**2 + 42*o + 272. Determine r(-6).
560
Let r(f) = 6*f + 95. Give r(-21).
-31
Let d(k) = -75*k - 1957. 